{"id":25,"date":"2023-09-20T14:43:00","date_gmt":"2023-09-20T12:43:00","guid":{"rendered":"https:\/\/handeln-jetzt.de\/?page_id=25"},"modified":"2025-05-11T12:59:41","modified_gmt":"2025-05-11T10:59:41","slug":"handeln-jetzt","status":"publish","type":"page","link":"https:\/\/handeln-jetzt.de\/","title":{"rendered":"Wir m\u00fcssen etwas tun&#8230;."},"content":{"rendered":"\r\n\r\n\r\n<p>Warum? Das Klima kippt, die Schere zwischen Arm und Reich wird immer gr\u00f6\u00dfer. Es gibt immer mehr Milliard\u00e4re und obwohl offenbar die Gewinne steigen, gibt es immer mehr Familien unter der Armutsgrenze. Leittragender darunter sind nicht nur Menschen, sondern vor allen Dingen, unsere Umwelt. Das bisherige kapitalistische System beutet unsere Ressourcen aus und hat mit Nachhaltigkeit nichts zu tun. wir gehen mit unserer Erde um, als ob es kein Morgen g\u00e4be. Gibt es aber! Nur interessiert uns der Generationenvertrag scheinbar nicht, jegliche Vernunft wird ausgeblendet. Was ist aus dem Land, der Dichter und Denker geworden? Unser Bildungssystem ist eine Lachnummer geworden, die schlauen K\u00f6pfe holen wir aus dem Ausland, obwohl unsere Kinder in der Schule Schwerstarbeit leisten m\u00fcssen\u2026 und nach der Schule, engagierte Eltern ebenfalls.<\/p>\r\n<p>Sp\u00e4testens mit der Einf\u00fchrung von AI\/KI da haben wir einen Vertrag abgeschlossen, der in den n\u00e4chsten Jahren zahlreiche Berufe \u00fcberfl\u00fcssig macht und eine Vielzahl von Arbeitslosen schaffen wird. Unser Bruttosozialprodukt wird im Augenblick von knapp 16. Millionen Menschen erwirtschaftet, Tendenz weiter sinkend. Die Kosten f\u00fcr die Verwaltung unseres Sozialsystems sind fast genauso teuer, wie wenn wir jedem B\u00fcrger monatlich 1000 \u20ac Grundgehalt zahlen w\u00fcrden.<\/p>\r\n<p>Auch die Gesundheitskosten werden in den n\u00e4chsten Jahrzehnten explodieren. Immer mehr psychische Erkrankungen, F\u00e4lle von Adipositas und Diabetes, Immunerkrankungen und Krebs bringen unser Gesundheitssystem an die Grenzen. Das, was wir Lebensmittel nennen, gleicht inzwischen einem Chemiebaukasten. am Ende wird es mit Aromastoffe, Zucker und Salz aufgepeppt. die Folge, mehr Menschen leiden weltweit an \u00dcbergewicht als ein unter Ern\u00e4hrung.<br \/>wir streiten \u00fcber den richtigen Motor. Ein Autos haben dabei eine der wichtigsten Erfindungen der letzten Jahrhunderte vergessen &#8211; die Eisenbahn. durch falsche Priorit\u00e4ten und massive Ignoranz, Lobby Arbeit und pers\u00f6nliche Interessen haben wir fast nur Autobahnen gebaut. Die Schiene muss das Transportmedium Nummer eins werden, f\u00fcr Menschen und G\u00fcter. Bezahlbar! auch im ICE, nicht nur im Bummelz\u00fcge.n . Damit schafft man kein Umdenken.<\/p>\r\n<p>Wir verlieren unsere Zeit durch aberwitzige, politische Diskussionen und der Frage, ob man Jahrhunderte Werte Rechtschreibung gendern muss, obwohl wir das Thema Emanzipation noch nicht einmal erfolgreich abgeschlossen haben. Populismus und das verdrehen von Tatsachen halten immer mehr Einzug in unser Leben, wir leben im Information \u00dcberfluss, erkennen, aber kaum noch Fake News und Propaganda. wir sind so globalisiert, dass wir es nicht mal schaffen, unsere Medikament unsere Kinder mit wichtigen Medikamenten zu versorgen. Unser Gesundheitssystem wackelt kr\u00e4ftig, und niemand tut etwas dagegen. M\u00f6glicherweise hatten die Entscheider bisher noch nie einen Notfall noch nie die Situation, bei einem Notfall ins Krankenhaus zu m\u00fcssen und selbst wenn, haben sie vermutlich keine Ahnung, mit welchem Geld diese Personen auskommen m\u00fcssen. wir behandeln die Menschen, die uns helfen sollen, ach, lassen wir das. als Arzt reich werden, funktioniert jedenfalls nur, wenn sie das technisch m\u00f6gliche machen und nicht das medizinisch empfehlenswerte. ich kann jeden Arzt verstehen, aber kaum noch einem\u00a0vertrauen.<\/p>\r\n<p><img loading=\"lazy\" decoding=\"async\" class=\"alignright wp-image-35\" src=\"https:\/\/handeln-jetzt.de\/wp-content\/uploads\/Ingo-Alms-2023-200x300.jpg\" alt=\"\" width=\"200\" height=\"300\" srcset=\"https:\/\/handeln-jetzt.de\/wp-content\/uploads\/Ingo-Alms-2023-200x300.jpg 200w, https:\/\/handeln-jetzt.de\/wp-content\/uploads\/Ingo-Alms-2023-683x1024.jpg 683w, https:\/\/handeln-jetzt.de\/wp-content\/uploads\/Ingo-Alms-2023-100x150.jpg 100w, https:\/\/handeln-jetzt.de\/wp-content\/uploads\/Ingo-Alms-2023-768x1152.jpg 768w, https:\/\/handeln-jetzt.de\/wp-content\/uploads\/Ingo-Alms-2023-1024x1536.jpg 1024w, https:\/\/handeln-jetzt.de\/wp-content\/uploads\/Ingo-Alms-2023-1365x2048.jpg 1365w, https:\/\/handeln-jetzt.de\/wp-content\/uploads\/Ingo-Alms-2023.jpg 1600w\" sizes=\"auto, (max-width: 200px) 100vw, 200px\" \/><\/p>\r\n<p>Ihr Nachbar steht t\u00e4glich vor ihrer T\u00fcr und versucht, einzubrechen. In der IT lassen wir das zu. Sie trauen sich nachts nicht mehr in die U-Bahn und wollen nicht mehr ins Schwimmbad, da sie Angst haben? sie halten Abmahnungen, weil sie einen Satz falsch geschrieben haben? Wir m\u00fcssen unser Rechtssystem wieder effektiv machen, aber gleichzeitig unsere Freiheit verteidigen.<br \/>Wir m\u00fcssen in unserem politischen System sehr viel tun. Gestern! Aus diesem Grund sehe ich eigentlich gar keine andere M\u00f6glichkeit, als politisch aktiv zu werden nicht, um im Rampenlicht zu stehen, sondern unsere Welt f\u00fcr unsere Kinder lebenswert\u00a0zu\u00a0erhalten.<\/p>\r\n<p>Es soll bitte nicht nach Arroganz oder \u00dcberheblichkeit klingen, aber ich habe keine Zeit mehr, an Wochenm\u00e4rkten um Stimmen zu K\u00e4mpfen und \u00fcber Radwege zu diskutieren. Wir m\u00fcssen unser politisches Handeln global ver\u00e4ndern. Um hier Dinge bewegen zu k\u00f6nnen, muss ich an der richtigen Stelle f\u00fcr das Richtige\u00a0k\u00e4mpfen.<\/p>\r\n<p>Bitte unterst\u00fctzen Sie mich, nicht nur mit einem Kreuz auf einem Wahlschein, sondern durch pers\u00f6nliche Unterst\u00fctzung, vor allen Dingen in Medien. Nennen Sie meinen Namen \u00f6ffentlich, geben Sie mir Feedback, bringen Sie mich mit wichtigen, medialen Personen in Kontakt, gehen Sie w\u00e4hlen&#8230;<\/p>\r\n\r\n\r\n","protected":false},"excerpt":{"rendered":"<p>Warum? Das Klima kippt, die Schere zwischen Arm und Reich wird immer gr\u00f6\u00dfer. Es gibt immer mehr Milliard\u00e4re und obwohl offenbar die Gewinne steigen, gibt es immer mehr Familien unter der Armutsgrenze. Leittragender darunter sind nicht nur Menschen, sondern vor allen Dingen, unsere Umwelt. Das bisherige kapitalistische System beutet unsere Ressourcen aus und hat mit [&hellip;]<\/p>\n","protected":false},"author":2,"featured_media":0,"parent":0,"menu_order":0,"comment_status":"closed","ping_status":"closed","template":"","meta":{"footnotes":""},"class_list":["post-25","page","type-page","status-publish","hentry"],"yoast_head":"<!-- This site is optimized with the Yoast SEO plugin v21.7 - https:\/\/yoast.com\/wordpress\/plugins\/seo\/ -->\n<title>Wir m\u00fcssen etwas tun.... - Handeln! Jetzt!<\/title>\n<meta name=\"robots\" content=\"index, follow, max-snippet:-1, max-image-preview:large, max-video-preview:-1\" \/>\n<link rel=\"canonical\" href=\"https:\/\/handeln-jetzt.de\/\" \/>\n<meta property=\"og:locale\" content=\"de_DE\" \/>\n<meta property=\"og:type\" content=\"article\" \/>\n<meta property=\"og:title\" content=\"Wir m\u00fcssen etwas tun.... - Handeln! Jetzt!\" \/>\n<meta property=\"og:description\" content=\"Warum? Das Klima kippt, die Schere zwischen Arm und Reich wird immer gr\u00f6\u00dfer. Es gibt immer mehr Milliard\u00e4re und obwohl offenbar die Gewinne steigen, gibt es immer mehr Familien unter der Armutsgrenze. Leittragender darunter sind nicht nur Menschen, sondern vor allen Dingen, unsere Umwelt. Das bisherige kapitalistische System beutet unsere Ressourcen aus und hat mit [&hellip;]\" \/>\n<meta property=\"og:url\" content=\"https:\/\/handeln-jetzt.de\/\" \/>\n<meta property=\"og:site_name\" content=\"Handeln! Jetzt!\" \/>\n<meta property=\"article:modified_time\" content=\"2025-05-11T10:59:41+00:00\" \/>\n<meta property=\"og:image\" content=\"https:\/\/handeln-jetzt.de\/wp-content\/uploads\/Ingo-Alms-2023-200x300.jpg\" \/>\n<meta name=\"twitter:card\" content=\"summary_large_image\" \/>\n<meta name=\"twitter:label1\" content=\"Gesch\u00e4tzte Lesezeit\" \/>\n\t<meta name=\"twitter:data1\" content=\"4\u00a0Minuten\" \/>\n<script type=\"application\/ld+json\" class=\"yoast-schema-graph\">{\"@context\":\"https:\/\/schema.org\",\"@graph\":[{\"@type\":\"WebPage\",\"@id\":\"https:\/\/handeln-jetzt.de\/\",\"url\":\"https:\/\/handeln-jetzt.de\/\",\"name\":\"Wir m\u00fcssen etwas tun.... - Handeln! Jetzt!\",\"isPartOf\":{\"@id\":\"https:\/\/handeln-jetzt.de\/#website\"},\"datePublished\":\"2023-09-20T12:43:00+00:00\",\"dateModified\":\"2025-05-11T10:59:41+00:00\",\"breadcrumb\":{\"@id\":\"https:\/\/handeln-jetzt.de\/#breadcrumb\"},\"inLanguage\":\"de\",\"potentialAction\":[{\"@type\":\"ReadAction\",\"target\":[\"https:\/\/handeln-jetzt.de\/\"]}]},{\"@type\":\"BreadcrumbList\",\"@id\":\"https:\/\/handeln-jetzt.de\/#breadcrumb\",\"itemListElement\":[{\"@type\":\"ListItem\",\"position\":1,\"name\":\"Startseite\",\"item\":\"https:\/\/handeln-jetzt.de\/\"},{\"@type\":\"ListItem\",\"position\":2,\"name\":\"Wir m\u00fcssen etwas tun&#8230;.\"}]},{\"@type\":\"WebSite\",\"@id\":\"https:\/\/handeln-jetzt.de\/#website\",\"url\":\"https:\/\/handeln-jetzt.de\/\",\"name\":\"Handeln! Jetzt!\",\"description\":\"Mit Ingo Alms jetzt Weichen stellen...\",\"potentialAction\":[{\"@type\":\"SearchAction\",\"target\":{\"@type\":\"EntryPoint\",\"urlTemplate\":\"https:\/\/handeln-jetzt.de\/?s={search_term_string}\"},\"query-input\":\"required name=search_term_string\"}],\"inLanguage\":\"de\"}]}<\/script>\n<!-- \/ Yoast SEO plugin. -->","yoast_head_json":{"title":"Wir m\u00fcssen etwas tun.... - Handeln! Jetzt!","robots":{"index":"index","follow":"follow","max-snippet":"max-snippet:-1","max-image-preview":"max-image-preview:large","max-video-preview":"max-video-preview:-1"},"canonical":"https:\/\/handeln-jetzt.de\/","og_locale":"de_DE","og_type":"article","og_title":"Wir m\u00fcssen etwas tun.... - Handeln! Jetzt!","og_description":"Warum? Das Klima kippt, die Schere zwischen Arm und Reich wird immer gr\u00f6\u00dfer. Es gibt immer mehr Milliard\u00e4re und obwohl offenbar die Gewinne steigen, gibt es immer mehr Familien unter der Armutsgrenze. Leittragender darunter sind nicht nur Menschen, sondern vor allen Dingen, unsere Umwelt. Das bisherige kapitalistische System beutet unsere Ressourcen aus und hat mit [&hellip;]","og_url":"https:\/\/handeln-jetzt.de\/","og_site_name":"Handeln! Jetzt!","article_modified_time":"2025-05-11T10:59:41+00:00","og_image":[{"url":"https:\/\/handeln-jetzt.de\/wp-content\/uploads\/Ingo-Alms-2023-200x300.jpg"}],"twitter_card":"summary_large_image","twitter_misc":{"Gesch\u00e4tzte Lesezeit":"4\u00a0Minuten"},"schema":{"@context":"https:\/\/schema.org","@graph":[{"@type":"WebPage","@id":"https:\/\/handeln-jetzt.de\/","url":"https:\/\/handeln-jetzt.de\/","name":"Wir m\u00fcssen etwas tun.... - Handeln! Jetzt!","isPartOf":{"@id":"https:\/\/handeln-jetzt.de\/#website"},"datePublished":"2023-09-20T12:43:00+00:00","dateModified":"2025-05-11T10:59:41+00:00","breadcrumb":{"@id":"https:\/\/handeln-jetzt.de\/#breadcrumb"},"inLanguage":"de","potentialAction":[{"@type":"ReadAction","target":["https:\/\/handeln-jetzt.de\/"]}]},{"@type":"BreadcrumbList","@id":"https:\/\/handeln-jetzt.de\/#breadcrumb","itemListElement":[{"@type":"ListItem","position":1,"name":"Startseite","item":"https:\/\/handeln-jetzt.de\/"},{"@type":"ListItem","position":2,"name":"Wir m\u00fcssen etwas tun&#8230;."}]},{"@type":"WebSite","@id":"https:\/\/handeln-jetzt.de\/#website","url":"https:\/\/handeln-jetzt.de\/","name":"Handeln! Jetzt!","description":"Mit Ingo Alms jetzt Weichen stellen...","potentialAction":[{"@type":"SearchAction","target":{"@type":"EntryPoint","urlTemplate":"https:\/\/handeln-jetzt.de\/?s={search_term_string}"},"query-input":"required name=search_term_string"}],"inLanguage":"de"}]}},"_links":{"self":[{"href":"https:\/\/handeln-jetzt.de\/index.php?rest_route=\/wp\/v2\/pages\/25","targetHints":{"allow":["GET"]}}],"collection":[{"href":"https:\/\/handeln-jetzt.de\/index.php?rest_route=\/wp\/v2\/pages"}],"about":[{"href":"https:\/\/handeln-jetzt.de\/index.php?rest_route=\/wp\/v2\/types\/page"}],"author":[{"embeddable":true,"href":"https:\/\/handeln-jetzt.de\/index.php?rest_route=\/wp\/v2\/users\/2"}],"replies":[{"embeddable":true,"href":"https:\/\/handeln-jetzt.de\/index.php?rest_route=%2Fwp%2Fv2%2Fcomments&post=25"}],"version-history":[{"count":10,"href":"https:\/\/handeln-jetzt.de\/index.php?rest_route=\/wp\/v2\/pages\/25\/revisions"}],"predecessor-version":[{"id":53,"href":"https:\/\/handeln-jetzt.de\/index.php?rest_route=\/wp\/v2\/pages\/25\/revisions\/53"}],"wp:attachment":[{"href":"https:\/\/handeln-jetzt.de\/index.php?rest_route=%2Fwp%2Fv2%2Fmedia&parent=25"}],"curies":[{"name":"wp","href":"https:\/\/api.w.org\/{rel}","templated":true}]}}